{"id":1560,"date":"2016-03-09T16:28:56","date_gmt":"2016-03-09T16:28:56","guid":{"rendered":"http:\/\/templattio.com\/wp\/?page_id=1560"},"modified":"2021-05-07T09:21:09","modified_gmt":"2021-05-07T06:21:09","slug":"contact","status":"publish","type":"page","link":"https:\/\/www.adananahtar.com\/index.php\/contact\/","title":{"rendered":"\u0130leti\u015fim"},"content":{"rendered":"<div class=\"wpb-content-wrapper\"><p>[vc_row][vc_column][tt_cw_title_shortcode title=&#8221;Bizimle \u0130leti\u015fime Ge\u00e7in&#8221; title_color=&#8221;#000000&#8243; sbtitle_color=&#8221;#898989&#8243; show_sb=&#8221;yes&#8221; separate=&#8221;yes&#8221;]Bizimle temas kurmaktan \u00e7ekinmeyin. Ayr\u0131ca bizi arayabilir veya ofiste bizi ziyaret edebilirsiniz. T\u00fcm ileti\u015fim bilgilerinizi a\u015fa\u011f\u0131da belirtin. \u00a0M\u00fcmk\u00fcn olan en k\u0131sa s\u00fcrede size geri d\u00f6nmeye \u00e7al\u0131\u015faca\u011f\u0131z.[\/tt_cw_title_shortcode][\/vc_column][\/vc_row][vc_row][vc_column offset=&#8221;vc_col-lg-4 vc_col-md-4 vc_col-xs-12&#8243;][tt_cw_contact_shortcode type_icon=&#8221;fa fa-map-marker&#8221; iconcolor=&#8221;#28adf9&#8243;]D\u00f6seme mahallesi<br \/>\nCumhuriyet Caddesi<br \/>\nNo 91\/A<br \/>\nSeyhan Adana[\/tt_cw_contact_shortcode][\/vc_column][vc_column offset=&#8221;vc_col-lg-4 vc_col-md-4 vc_col-xs-12&#8243;][tt_cw_contact_shortcode type_icon=&#8221;fa fa-envelope-o&#8221; iconcolor=&#8221;#28adf9&#8243;]info@adananahtar.com[\/tt_cw_contact_shortcode][\/vc_column][vc_column offset=&#8221;vc_col-lg-4 vc_col-md-4 vc_col-xs-12&#8243;][tt_cw_contact_shortcode type_icon=&#8221;fa fa-phone&#8221; iconcolor=&#8221;#28adf9&#8243;]0539 839 59 26[\/tt_cw_contact_shortcode][\/vc_column][\/vc_row][vc_row gap=&#8221;35&#8243;][vc_column offset=&#8221;vc_col-lg-8 vc_col-md-8 vc_col-xs-12&#8243;]\n<div class=\"wpcf7 no-js\" id=\"wpcf7-f1366-o1\" lang=\"en-US\" dir=\"ltr\" data-wpcf7-id=\"1366\">\n<div class=\"screen-reader-response\"><p role=\"status\" aria-live=\"polite\" aria-atomic=\"true\"><\/p> <ul><\/ul><\/div>\n<form action=\"\/index.php\/wp-json\/wp\/v2\/pages\/1560#wpcf7-f1366-o1\" method=\"post\" class=\"wpcf7-form init\" aria-label=\"Contact form\" novalidate=\"novalidate\" data-status=\"init\">\n<fieldset class=\"hidden-fields-container\"><input type=\"hidden\" name=\"_wpcf7\" value=\"1366\" \/><input type=\"hidden\" name=\"_wpcf7_version\" value=\"6.1.5\" \/><input type=\"hidden\" name=\"_wpcf7_locale\" value=\"en_US\" \/><input type=\"hidden\" name=\"_wpcf7_unit_tag\" value=\"wpcf7-f1366-o1\" \/><input type=\"hidden\" name=\"_wpcf7_container_post\" value=\"0\" \/><input type=\"hidden\" name=\"_wpcf7_posted_data_hash\" value=\"\" \/>\n<\/fieldset>\n<div class='contact-form contact-page'>\n\t<p><span class=\"wpcf7-form-control-wrap\" data-name=\"your-name\"><input size=\"40\" maxlength=\"400\" class=\"wpcf7-form-control wpcf7-text wpcf7-validates-as-required\" aria-required=\"true\" aria-invalid=\"false\" placeholder=\"\u0130sim\" value=\"\" type=\"text\" name=\"your-name\" \/><\/span>\n\t<\/p>\n\t<p><span class=\"wpcf7-form-control-wrap\" data-name=\"your-email\"><input size=\"40\" maxlength=\"400\" class=\"wpcf7-form-control wpcf7-email wpcf7-validates-as-required wpcf7-text wpcf7-validates-as-email\" aria-required=\"true\" aria-invalid=\"false\" placeholder=\"Email\" value=\"\" type=\"email\" name=\"your-email\" \/><\/span>\n\t<\/p>\n\t<p><span class=\"wpcf7-form-control-wrap\" data-name=\"your-subject\"><input size=\"40\" maxlength=\"400\" class=\"wpcf7-form-control wpcf7-text\" aria-invalid=\"false\" placeholder=\"Konu\" value=\"\" type=\"text\" name=\"your-subject\" \/><\/span>\n\t<\/p>\n\t<p><span class=\"wpcf7-form-control-wrap\" data-name=\"your-message\"><textarea cols=\"40\" rows=\"10\" maxlength=\"2000\" class=\"wpcf7-form-control wpcf7-textarea\" aria-invalid=\"false\" placeholder=\"Mesaj\" name=\"your-message\"><\/textarea><\/span>\n\t<\/p>\n\t<p><input class=\"wpcf7-form-control wpcf7-submit has-spinner\" type=\"submit\" value=\"\u015eimdi g\u00f6nder\" \/>\n\t<\/p>\n<\/div><div class=\"wpcf7-response-output\" aria-hidden=\"true\"><\/div>\n<\/form>\n<\/div>\n[\/vc_column][vc_column width=&#8221;1\/3&#8243; offset=&#8221;vc_col-lg-4 vc_col-md-4 vc_hidden-sm vc_hidden-xs&#8221;][vc_single_image image=&#8221;2049&#8243; img_size=&#8221;full&#8221; alignment=&#8221;center&#8221;][vc_empty_space height=&#8221;20px&#8221;][\/vc_column][\/vc_row][vc_row][vc_column][vc_empty_space height=&#8221;25px&#8221;][\/vc_column][\/vc_row][vc_row][vc_column][vc_gmaps link=&#8221;#E-8_JTNDaWZyYW1lJTIwc3JjJTNEJTIyaHR0cHMlM0ElMkYlMkZ3d3cuZ29vZ2xlLmNvbSUyRm1hcHMlMkZlbWJlZCUzRnBiJTNEJTIxMW0xOCUyMTFtMTIlMjExbTMlMjExZDMxODYuNjI0NjcxODAwMjM0NCUyMTJkMzUuMzE0OTI3MzE1NTc2ODk1JTIxM2QzNi45OTQ4OTEyNjQ0MTUwNiUyMTJtMyUyMTFmMCUyMTJmMCUyMTNmMCUyMTNtMiUyMTFpMTAyNCUyMTJpNzY4JTIxNGYxMy4xJTIxM20zJTIxMW0yJTIxMXMweDE1Mjg4ZjQ0ZDI3OWEzODElMjUzQTB4ODAzMmMxMGNmYWRiYWQ3NCUyMTJzRCUyNUMzJTI1QjYlMjVDNSUyNTlGZW1lJTI1MkMlMjUyMEN1bWh1cml5ZXQlMjUyMENkLiUyNTIwOTElMjUyMEElMjUyQyUyNTIwMDExMzAlMjUyMFNleWhhbiUyNTJGQWRhbmElMjE1ZTAlMjEzbTIlMjExc3RyJTIxMnN0ciUyMTR2MTYyMDIzNjQzMDU3NCUyMTVtMiUyMTFzdHIlMjEyc3RyJTIyJTIwd2lkdGglM0QlMjI2MDAlMjIlMjBoZWlnaHQlM0QlMjI0NTAlMjIlMjBzdHlsZSUzRCUyMmJvcmRlciUzQTAlM0IlMjIlMjBhbGxvd2Z1bGxzY3JlZW4lM0QlMjIlMjIlMjBsb2FkaW5nJTNEJTIybGF6eSUyMiUzRSUzQyUyRmlmcmFtZSUzRQ==&#8221; size=&#8221;400px&#8221;][vc_empty_space height=&#8221;15px&#8221;][\/vc_column][\/vc_row][vc_row full_width=&#8221;stretch_row_content_no_spaces&#8221;][vc_column][tt_cw_info_block_shortcode image=&#8221;2051&#8243; title=&#8221;H\u0131zl\u0131 ve Ekonomik&#8221; phone=&#8221;0539 839 59 26&#8243; or_text=&#8221;veya&#8221; btn_text=&#8221;0538 968 77 18&#8243;]Uzman\u0131nda h\u0131zl\u0131 ve ekonomik \u00e7ilingir hizmeti al\u0131n&#8230;[\/tt_cw_info_block_shortcode][\/vc_column][\/vc_row]<\/p>\n<\/div>","protected":false},"excerpt":{"rendered":"<p>[vc_row][vc_column][tt_cw_title_shortcode title=&#8221;Bizimle \u0130leti\u015fime Ge\u00e7in&#8221; title_color=&#8221;#000000&#8243; sbtitle_color=&#8221;#898989&#8243; show_sb=&#8221;yes&#8221; separate=&#8221;yes&#8221;]Bizimle temas kurmaktan \u00e7ekinmeyin. Ayr\u0131ca bizi arayabilir veya ofiste bizi ziyaret edebilirsiniz. T\u00fcm ileti\u015fim bilgilerinizi a\u015fa\u011f\u0131da belirtin. \u00a0M\u00fcmk\u00fcn olan en k\u0131sa s\u00fcrede size geri d\u00f6nmeye \u00e7al\u0131\u015faca\u011f\u0131z.[\/tt_cw_title_shortcode][\/vc_column][\/vc_row][vc_row][vc_column offset=&#8221;vc_col-lg-4 vc_col-md-4 vc_col-xs-12&#8243;][tt_cw_contact_shortcode type_icon=&#8221;fa fa-map-marker&#8221; iconcolor=&#8221;#28adf9&#8243;]D\u00f6seme mahallesi Cumhuriyet Caddesi No 91\/A Seyhan Adana[\/tt_cw_contact_shortcode][\/vc_column][vc_column offset=&#8221;vc_col-lg-4 vc_col-md-4 vc_col-xs-12&#8243;][tt_cw_contact_shortcode type_icon=&#8221;fa fa-envelope-o&#8221; iconcolor=&#8221;#28adf9&#8243;]info@adananahtar.com[\/tt_cw_contact_shortcode][\/vc_column][vc_column offset=&#8221;vc_col-lg-4 vc_col-md-4 vc_col-xs-12&#8243;][tt_cw_contact_shortcode [&hellip;]<\/p>\n","protected":false},"author":1,"featured_media":0,"parent":0,"menu_order":0,"comment_status":"closed","ping_status":"closed","template":"","meta":{"footnotes":""},"class_list":["post-1560","page","type-page","status-publish","hentry"],"_links":{"self":[{"href":"https:\/\/www.adananahtar.com\/index.php\/wp-json\/wp\/v2\/pages\/1560"}],"collection":[{"href":"https:\/\/www.adananahtar.com\/index.php\/wp-json\/wp\/v2\/pages"}],"about":[{"href":"https:\/\/www.adananahtar.com\/index.php\/wp-json\/wp\/v2\/types\/page"}],"author":[{"embeddable":true,"href":"https:\/\/www.adananahtar.com\/index.php\/wp-json\/wp\/v2\/users\/1"}],"replies":[{"embeddable":true,"href":"https:\/\/www.adananahtar.com\/index.php\/wp-json\/wp\/v2\/comments?post=1560"}],"version-history":[{"count":14,"href":"https:\/\/www.adananahtar.com\/index.php\/wp-json\/wp\/v2\/pages\/1560\/revisions"}],"predecessor-version":[{"id":2179,"href":"https:\/\/www.adananahtar.com\/index.php\/wp-json\/wp\/v2\/pages\/1560\/revisions\/2179"}],"wp:attachment":[{"href":"https:\/\/www.adananahtar.com\/index.php\/wp-json\/wp\/v2\/media?parent=1560"}],"curies":[{"name":"wp","href":"https:\/\/api.w.org\/{rel}","templated":true}]}}